{"id":42,"date":"2024-06-28T10:37:42","date_gmt":"2024-06-28T10:37:42","guid":{"rendered":"https:\/\/beautystudiolora.hr\/?page_id=42"},"modified":"2026-01-29T12:19:18","modified_gmt":"2026-01-29T12:19:18","slug":"o-nama","status":"publish","type":"page","link":"https:\/\/beautystudiolora.hr\/index.php\/o-nama\/","title":{"rendered":"O Nama"},"content":{"rendered":"\n<div class=\"wp-block-media-text has-media-on-the-right is-stacked-on-mobile has-featured-color has-mono-4-background-color has-text-color has-background has-link-color wp-elements-c19956c9b3cbca54e6f87f8d2578224d\"><div class=\"wp-block-media-text__content\">\n<p class=\"has-text-color has-link-color has-superbfont-small-font-size wp-elements-2d3d0cdce063ac04007d472b54aede43\" style=\"color:#bb9671\">Lora Medi\u0107 \u017duvan, ve\u0107 7 godina aktivno djeluje u beauty industriji. Jo\u0161 kao srednjo\u0161kolka po\u010dela se baviti \u0161minkanjem, rade\u0107i u maloj sobi s nekoliko drogerijskih proizvoda. Uvijek je sanjala o tome da jednog dana posjeduje svu \u0161minku koju po\u017eeli, da ima vlastiti salon i da okuplja dobar tim ljudi oko sebe. Zahvaljuju\u0107i njenoj upornosti, ti su snovi postali stvarnost. Danas vodi uspje\u0161an salon, opremljen najnovijim proizvodima i alatima iz svijeta \u0161minke i ljepote. Njezina strast prema ovom poslu, zajedno s kontinuiranom edukacijom i usavr\u0161avanjem, omogu\u0107ili su joj da postane prepoznata i cijenjena stru\u010dnjakinja u beauty industriji.<\/p>\n\n\n\n<p><\/p>\n\n\n\n<p class=\"has-text-color has-link-color has-superbfont-small-font-size wp-elements-e15fd82581f7fe5ea32265081d17f42d\" style=\"color:#bb9671\">Lora je posve\u0107ena stvaranju inspirativnog i poticajnog okru\u017eenja u kojem svaki polaznik mo\u017ee razviti svoje vje\u0161tine do najvi\u0161e razine. Njena misija je ne samo podu\u010diti tehni\u010dke aspekte \u0161minkanja i beauty tretmana, ve\u0107 i potaknuti osobni rast i osna\u017eivanje svakog pojedinca. Sa stra\u0161\u0107u i predano\u0161\u0107u, Lora Medi\u0107 \u017duvan nastavlja graditi svoju karijeru, inspiriraju\u0107i mnoge da slijede svoje snove i ostvare svoje ciljeve.<\/p>\n\n\n\n<p><\/p>\n<\/div><figure class=\"wp-block-media-text__media\"><img loading=\"lazy\" decoding=\"async\" width=\"819\" height=\"1024\" src=\"https:\/\/beautystudiolora.hr\/wp-content\/uploads\/2024\/07\/unnamed-2-819x1024.jpg\" alt=\"\" class=\"wp-image-157 size-full\" srcset=\"https:\/\/beautystudiolora.hr\/wp-content\/uploads\/2024\/07\/unnamed-2-819x1024.jpg 819w, https:\/\/beautystudiolora.hr\/wp-content\/uploads\/2024\/07\/unnamed-2-240x300.jpg 240w, https:\/\/beautystudiolora.hr\/wp-content\/uploads\/2024\/07\/unnamed-2-768x960.jpg 768w, https:\/\/beautystudiolora.hr\/wp-content\/uploads\/2024\/07\/unnamed-2-1229x1536.jpg 1229w, https:\/\/beautystudiolora.hr\/wp-content\/uploads\/2024\/07\/unnamed-2-1638x2048.jpg 1638w, https:\/\/beautystudiolora.hr\/wp-content\/uploads\/2024\/07\/unnamed-2-scaled.jpg 2048w\" sizes=\"auto, (max-width: 819px) 100vw, 819px\" \/><\/figure><\/div>\n\n\n\n<div class=\"wp-block-group has-contrast-light-background-color has-background is-vertical is-layout-flex wp-container-core-group-is-layout-fe9cc265 wp-block-group-is-layout-flex\" style=\"border-radius:100px;background-image:url(&apos;https:\/\/beautystudiolora.hr\/wp-content\/uploads\/2024\/07\/Make-up.jpg&apos;);background-position:44% 41%;background-size:cover;\">\n<style>\r\n\r\n#wpsm_counter_b_row_417 .wpsm_counterbox\r\n{\r\n\ttext-align:center;\r\n\tmargin-top:50px;\r\n\tmargin-bottom:50px;\r\n}\r\n#wpsm_counter_b_row_417 .wpsm_counterbox .wpsm_count-icon{\r\n\tdisplay:block;\r\n\tmargin-top:20px;\r\n\tpadding-top:0px;\r\n\tpadding-bottom:0px;\r\n\tmargin-bottom:0px;\r\n\tmargin:0 auto;\r\n}\r\n#wpsm_counter_b_row_417 .wpsm_counterbox .wpsm_count-icon i{\r\n\tfont-size:20px;\r\n\tcolor:#d5c1ae;\r\n}\r\n#wpsm_counter_b_row_417 .wpsm_counterbox .wpsm_number{\r\n\tfont-size:31px;\r\n\tfont-weight:400;\r\n\tcolor:#d6cbc2;\r\n\tfont-family:'Tahoma';\r\n\tletter-spacing:2px;\r\n\tmargin-top:20px;\r\n\tline-height: 1.3em;\r\n\tpadding-top:0px;\r\n\tpadding-bottom:0px;\r\n\tmargin-bottom:0px;\r\n}\r\n#wpsm_counter_b_row_417 .wpsm_counterbox .wpsm_count-title{\r\n    font-size:35px;\r\n\tfont-weight:bolder;\r\n\tfont-family:'Tahoma';\r\n\tletter-spacing:2px;\r\n    color: #d6c9be;\r\n\tfont-weight:400;\r\n\tmargin-top:20px;\r\n\tpadding-top:0px;\r\n\tpadding-bottom:0px;\r\n\tmargin-bottom:0px;\r\n\tline-height: 1.3em;\r\n}\r\n\r\n<\/style> \r\n\t\t \r\n\t\t\r\n\t\t<style>\r\n\t\t#wpsm_counter_b_row_417\t\t\t{\r\n\t\t\t\t\r\n\t\t\t\tposition:relative;\r\n\t\t\t\twidth:100%;\r\n\t\t\t\toverflow:hidden;\r\n\t\t\t\ttext-align:center;\r\n\t\t\t}\r\n\t\t\t \r\n\t\t\t#wpsm_counter_b_row_417 .wpsm_row{\r\n\t\t\toverflow:hidden;\r\n\t\t\tdisplay:block;\r\n\t\t\twidth:100%;\r\n\t\t\t} \r\n\t\t\t \r\n\t\t\t#wpsm_counter_b_row_417 .wpsm_row{\r\n\t\t\toverflow:visible;\r\n\t\t\t} \r\n\t\t\t \r\n\t\t\t#wpsm_counter_b_row_417 .wpsm_counterbox .wpsm_count-title{\r\n\t\t\tmin-height:56px;\r\n\t\t\t}}\r\n\t\t\t \r\n\t\t<\/style>\r\n\t\t\r\n\t\t<div class=\"wpsm_counter_b_row\" id=\"wpsm_counter_b_row_417\">\r\n\t\t\t<div>\r\n\t\t\t\t<div class=\"wpsm_row\">\r\n\t\t\r\n\t\t\t\t\t\t<div class=\"wpsm_col-md-4 wpsm_col-sm-6\">\r\n\t\t\t\t\t<div class=\"wpsm_counterbox\">\r\n\t\t\t\t\t\t \r\n\t\t\t\t\t\t<div class=\"wpsm_count-icon\"><i #d5c1ae class=\"fa fa-heart\"><\/i><\/div>\r\n\t\t\t\t\t\t\t\t\t\t\t\t<div class=\"wpsm_number\" style=\"#d6cbc2\" >\r\n\t\t\t\t\t\t   <span class=\"counter\">3000\t\t\t\t\t\t   <\/span>\r\n\t\t\t\t\t\t    \r\n\t\t\t\t\t    <\/div>\r\n\t\t\t\t\t\t<h3 class=\"wpsm_count-title\" #d6c9be> Zadovoljnih klijenata<\/h3>\r\n\t\t\t\t\t\t \r\n\t\t\t\t\t<\/div>\r\n\t\t\t\t<\/div>\r\n\t\t\t\t\t\t\t\t\t<div class=\"wpsm_col-md-4 wpsm_col-sm-6\">\r\n\t\t\t\t\t<div class=\"wpsm_counterbox\">\r\n\t\t\t\t\t\t \r\n\t\t\t\t\t\t<div class=\"wpsm_count-icon\"><i #d5c1ae class=\"fa fa-calendar-o\"><\/i><\/div>\r\n\t\t\t\t\t\t\t\t\t\t\t\t<div class=\"wpsm_number\" style=\"#d6cbc2\" >\r\n\t\t\t\t\t\t   <span class=\"counter\">2000\t\t\t\t\t\t   <\/span>\r\n\t\t\t\t\t\t    \r\n\t\t\t\t\t    <\/div>\r\n\t\t\t\t\t\t<h3 class=\"wpsm_count-title\" #d6c9be> Odra\u0111enih tretmana<\/h3>\r\n\t\t\t\t\t\t \r\n\t\t\t\t\t<\/div>\r\n\t\t\t\t<\/div>\r\n\t\t\t\t\t\t\t\t\t<div class=\"wpsm_col-md-4 wpsm_col-sm-6\">\r\n\t\t\t\t\t<div class=\"wpsm_counterbox\">\r\n\t\t\t\t\t\t \r\n\t\t\t\t\t\t<div class=\"wpsm_count-icon\"><i #d5c1ae class=\"fa fa-graduation-cap\"><\/i><\/div>\r\n\t\t\t\t\t\t\t\t\t\t\t\t<div class=\"wpsm_number\" style=\"#d6cbc2\" >\r\n\t\t\t\t\t\t   <span class=\"counter\">30\t\t\t\t\t\t   <\/span>\r\n\t\t\t\t\t\t    \r\n\t\t\t\t\t    <\/div>\r\n\t\t\t\t\t\t<h3 class=\"wpsm_count-title\" #d6c9be> Odra\u0111enih edukacija<\/h3>\r\n\t\t\t\t\t\t \r\n\t\t\t\t\t<\/div>\r\n\t\t\t\t<\/div>\r\n\t\t\t\t\t\t<\/div>\r\n\t\t\t<div class=\"wpsm_row\">\r\n\t\t\t\t\t\t\r\n\t\t\t<\/div>\t\t\t\t<\/div>\r\n\t\t<\/div>\r\n\t\t\r\n\t\n\n\n\n<div class=\"wp-block-group is-vertical is-layout-flex wp-container-core-group-is-layout-fe9cc265 wp-block-group-is-layout-flex\"><\/div>\n<\/div>\n\n\n\n<h3 class=\"wp-block-heading has-text-color has-link-color wp-elements-f52d858d216917772e983e49589b7c1b\" style=\"color:#bb9671\">Za\u0161to odabrati Beauty Studio Lora?<\/h3>\n\n\n\n<p class=\"has-text-color has-link-color wp-elements-745ebd5d86699660a7a5eb6a0433c6c6\" style=\"color:#bb9671\"><strong>Beauty Studio Lora<\/strong>&nbsp;pru\u017ea vrhunsku uslugu i pa\u017enju prema svakom klijentu. Na\u0161a stru\u010dnost obuhva\u0107a razne tretmane ljepote, uklju\u010duju\u0107i profesionalno \u0161minkanje, ekstenzije trepavica, lash lift, trajnu \u0161minku, stiliziranje obrva, manikuru i pedikuru. Koristimo samo najkvalitetnije proizvode na tr\u017ei\u0161tu kako bismo osigurali najbolje rezultate i zadovoljstvo na\u0161ih klijenata. Svaki tretman prilago\u0111avamo va\u0161im individualnim potrebama i \u017eeljama, osiguravaju\u0107i da se osje\u0107ate posebno i njegovano.<\/p>\n\n\n\n<h3 class=\"wp-block-heading has-text-color has-link-color wp-elements-cb7b69faec3fc4eef03be19c5518512d\" style=\"color:#bb9671\">Na\u0161a ponuda uklju\u010duje:<\/h3>\n\n\n\n<p class=\"has-text-color has-link-color wp-elements-162c7165013fa1a57290a64a028309ce\" style=\"color:#bb9671\"><strong>Profesionalno \u0161minkanje<\/strong>&nbsp;\u2013 za sve prigode.<\/p>\n\n\n\n<p class=\"has-text-color has-link-color wp-elements-79f42972ee977c4425cbc6c165ee37fa\" style=\"color:#bb9671\"><strong>Ekstenzije trepavica<\/strong>&nbsp;\u2013 individualne i volumenske tehnike.<\/p>\n\n\n\n<p class=\"has-text-color has-link-color wp-elements-a2d7d9c7c17df453455d091a4373c5f4\" style=\"color:#bb9671\"><strong>Lash lift<\/strong>&nbsp;\u2013 keratinski tretman za prirodno uvijene trepavice.<\/p>\n\n\n\n<p class=\"has-text-color has-link-color wp-elements-149e91f866affb8d4fbb2a62053bcd74\" style=\"color:#bb9671\"><strong>Trajna \u0161minka<\/strong>&nbsp;\u2013 za dugotrajno savr\u0161en izgled.<\/p>\n\n\n\n<p class=\"has-text-color has-link-color wp-elements-ef38cea22579063ea1fad76664684383\" style=\"color:#bb9671\"><strong>Stiliziranje obrva<\/strong>&nbsp;\u2013 oblikovanje, bojanje, brow lift.<\/p>\n\n\n\n<p class=\"has-text-color has-link-color wp-elements-92b9da9f1bc4c8f678b17b04e17bb6ce\" style=\"color:#bb9671\"><strong>Manikura i pedikura<\/strong>&nbsp;\u2013 za njegovan i uredan izgled noktiju i stopala.<\/p>\n\n\n\n<h3 class=\"wp-block-heading has-text-color has-link-color wp-elements-dfd4e032a408e956f704472fe76d1b26\" style=\"color:#bb9671\">Stru\u010dnost i kvaliteta<\/h3>\n\n\n\n<p class=\"has-text-color has-link-color wp-elements-122c3f378571d6e849b821dd6535090b\" style=\"color:#bb9671\">Na\u0161a osniva\u010dica,&nbsp;<strong>Lora Medi\u0107 \u017duvan<\/strong>, je iskusna i certificirana stru\u010dnjakinja s dugogodi\u0161njim iskustvom u industriji ljepote. Njezina strast prema ljepoti i posve\u0107enost klijentima jam\u010de da \u0107ete dobiti uslugu na najvi\u0161oj razini.<\/p>\n\n\n\n<h3 class=\"wp-block-heading has-text-color has-link-color wp-elements-7417275a07d11ec8a722ec6a12678891\" style=\"color:#bb9671\">Loyalty Club<\/h3>\n\n\n\n<p class=\"has-text-color has-link-color wp-elements-4c68f56211e9b0b9dd8c9a17aa76e47a\" style=\"color:#bb9671\">Za na\u0161e vjerne klijente, kreirali smo&nbsp;<strong>Loyalty Club<\/strong>. Postanite \u010dlan i u\u017eivajte u ekskluzivnim pogodnostima, uklju\u010duju\u0107i popuste na tretmane, besplatne usluge nakon odre\u0111enog broja posjeta, te pristup posebnim promocijama i doga\u0111anjima. Va\u0161a vjernost nam puno zna\u010di, i kroz Loyalty Club \u017eelimo vam zahvaliti na povjerenju.<\/p>\n\n\n\n<figure class=\"wp-block-image aligncenter size-large is-resized\"><img loading=\"lazy\" decoding=\"async\" width=\"1024\" height=\"256\" src=\"https:\/\/beautystudiolora.hr\/wp-content\/uploads\/2024\/07\/Loyalty-1024x256.jpg\" alt=\"\" class=\"wp-image-252\" style=\"width:800px;height:auto\" srcset=\"https:\/\/beautystudiolora.hr\/wp-content\/uploads\/2024\/07\/Loyalty-1024x256.jpg 1024w, https:\/\/beautystudiolora.hr\/wp-content\/uploads\/2024\/07\/Loyalty-300x75.jpg 300w, https:\/\/beautystudiolora.hr\/wp-content\/uploads\/2024\/07\/Loyalty-768x192.jpg 768w, https:\/\/beautystudiolora.hr\/wp-content\/uploads\/2024\/07\/Loyalty-1536x384.jpg 1536w, https:\/\/beautystudiolora.hr\/wp-content\/uploads\/2024\/07\/Loyalty.jpg 1584w\" sizes=\"auto, (max-width: 1024px) 100vw, 1024px\" \/><\/figure>\n\n\n\n<h3 class=\"wp-block-heading has-text-color has-link-color wp-elements-5e46309844807d8af7708af236b35ed0\" style=\"color:#bb9671\">Za\u0161to nas odabrati?<\/h3>\n\n\n\n<p class=\"has-text-color has-link-color wp-elements-bedf0baf23b038355b67a771af19b8bb\" style=\"color:#bb9671\"><strong>Profesionalna usluga<\/strong>&nbsp;\u2013 svaki tretman prilago\u0111en va\u0161im potrebama.<\/p>\n\n\n\n<p class=\"has-text-color has-link-color wp-elements-e248258354aa810bd40e156dccc0361e\" style=\"color:#bb9671\"><strong>Najkvalitetniji proizvodi<\/strong>&nbsp;\u2013 koristimo samo provjerene i sigurne proizvode.<\/p>\n\n\n\n<p class=\"has-text-color has-link-color wp-elements-0c36345e886d063332fb14c68b1148f9\" style=\"color:#bb9671\"><strong>Iskusni stru\u010dnjaci<\/strong>&nbsp;\u2013 na\u0161 tim \u010dine certificirani i iskusni profesionalci.<\/p>\n\n\n\n<p class=\"has-text-color has-link-color wp-elements-4d6fa4645e255c35ba612b97d33aa546\" style=\"color:#bb9671\"><strong>Zadovoljstvo klijenata<\/strong>&nbsp;\u2013 na\u0161i klijenti su uvijek zadovoljni i puni povjerenja u na\u0161e usluge.<\/p>\n\n\n\n<p class=\"has-text-color has-link-color wp-elements-379f89d2fa858a543a21e54459192d6d\" style=\"color:#bb9671\"><strong>Luksuzna njega<\/strong>&nbsp;\u2013 osje\u0107ajte se posebno i njegovano svakim posjetom.<\/p>\n\n\n\n<p class=\"has-text-color has-link-color wp-elements-21c48d514b60b7c9766ea3e01fcd8da1\" style=\"color:#bb9671\"><strong>Loyalty Club<\/strong>&nbsp;\u2013 ekskluzivne pogodnosti za na\u0161e vjerne klijente.<\/p>\n\n\n\n<p class=\"has-text-color has-link-color wp-elements-871b1ffd3d0f0b4e8d64435b9c4e887f\" style=\"color:#bb9671\">Odaberite Beauty Studio Lora za profesionalnu, personaliziranu i luksuznu njegu koja \u0107e istaknuti va\u0161u prirodnu ljepotu. Do\u0111ite i uvjerite se za\u0161to su na\u0161i klijenti uvijek zadovoljni i puni povjerenja u na\u0161e usluge.<\/p>\n\n\n\n<div class=\"wp-block-buttons is-layout-flex wp-block-buttons-is-layout-flex\"><\/div>\n","protected":false},"excerpt":{"rendered":"<p>Lora Medi\u0107 \u017duvan, ve\u0107 7 godina aktivno djeluje u beauty industriji. Jo\u0161 kao srednjo\u0161kolka po\u010dela se baviti \u0161minkanjem, rade\u0107i u maloj sobi s nekoliko drogerijskih proizvoda. Uvijek je sanjala o tome da jednog dana posjeduje svu \u0161minku koju po\u017eeli, da ima vlastiti salon i da okuplja dobar tim ljudi oko sebe. Zahvaljuju\u0107i njenoj upornosti, ti [&hellip;]<\/p>\n","protected":false},"author":1,"featured_media":0,"parent":0,"menu_order":0,"comment_status":"closed","ping_status":"closed","template":"","meta":{"ngg_post_thumbnail":0,"_joinchat":[],"footnotes":""},"class_list":["post-42","page","type-page","status-publish","hentry"],"_links":{"self":[{"href":"https:\/\/beautystudiolora.hr\/index.php\/wp-json\/wp\/v2\/pages\/42","targetHints":{"allow":["GET"]}}],"collection":[{"href":"https:\/\/beautystudiolora.hr\/index.php\/wp-json\/wp\/v2\/pages"}],"about":[{"href":"https:\/\/beautystudiolora.hr\/index.php\/wp-json\/wp\/v2\/types\/page"}],"author":[{"embeddable":true,"href":"https:\/\/beautystudiolora.hr\/index.php\/wp-json\/wp\/v2\/users\/1"}],"replies":[{"embeddable":true,"href":"https:\/\/beautystudiolora.hr\/index.php\/wp-json\/wp\/v2\/comments?post=42"}],"version-history":[{"count":16,"href":"https:\/\/beautystudiolora.hr\/index.php\/wp-json\/wp\/v2\/pages\/42\/revisions"}],"predecessor-version":[{"id":550,"href":"https:\/\/beautystudiolora.hr\/index.php\/wp-json\/wp\/v2\/pages\/42\/revisions\/550"}],"wp:attachment":[{"href":"https:\/\/beautystudiolora.hr\/index.php\/wp-json\/wp\/v2\/media?parent=42"}],"curies":[{"name":"wp","href":"https:\/\/api.w.org\/{rel}","templated":true}]}}